{"id":65,"date":"2022-04-27T15:03:07","date_gmt":"2022-04-27T13:03:07","guid":{"rendered":"http:\/\/positif94.fr\/?page_id=65"},"modified":"2022-04-29T13:40:31","modified_gmt":"2022-04-29T11:40:31","slug":"presentation","status":"publish","type":"page","link":"https:\/\/positif94.fr\/","title":{"rendered":"Pr\u00e9sentation"},"content":{"rendered":"\n<p class=\"has-drop-cap has-medium-font-size\">L&#8217;association Photographique POSITIF, est une association cr\u00e9\u00e9e en 1977.<br>Elle regroupe des photographes amateurs \u00e0 partir de 18 ans.<br>L&#8217;association s&#8217;inscrit dans le monde de la cr\u00e9ation et dans le langage photographique argentique et num\u00e9rique. Elle est \u00e9galement partie prenante dans la vie de la collectivit\u00e9 culturelle.<br>Elle est un tremplin efficace pour tous les passionn\u00e9s de photographie, professionnels ou amateurs, exp\u00e9riment\u00e9s ou d\u00e9butants, jeunes ou vieux, \u00e9tudiants ou retrait\u00e9s<\/p>\n\n\n\n<figure class=\"wp-block-image size-large is-resized is-style-rounded\"><img loading=\"lazy\" decoding=\"async\" src=\"http:\/\/positif94.fr\/wp-content\/uploads\/2022\/04\/IMG_7376-1024x683.jpg\" alt=\"\" class=\"wp-image-148\" width=\"582\" height=\"401\"\/><\/figure>\n","protected":false},"excerpt":{"rendered":"<p>L&#8217;association Photographique POSITIF, est une association cr\u00e9\u00e9e en 1977.Elle regroupe des photographes amateurs \u00e0 partir de 18 ans.L&#8217;association s&#8217;inscrit dans le monde de la cr\u00e9ation et dans le langage photographique argentique et num\u00e9rique. Elle est \u00e9galement partie prenante dans la &hellip; <a href=\"https:\/\/positif94.fr\/\">Continue reading <span class=\"meta-nav\">&rarr;<\/span><\/a><\/p>\n","protected":false},"author":1,"featured_media":0,"parent":0,"menu_order":0,"comment_status":"closed","ping_status":"closed","template":"","meta":{"footnotes":""},"class_list":["post-65","page","type-page","status-publish","hentry"],"_links":{"self":[{"href":"https:\/\/positif94.fr\/index.php\/wp-json\/wp\/v2\/pages\/65","targetHints":{"allow":["GET"]}}],"collection":[{"href":"https:\/\/positif94.fr\/index.php\/wp-json\/wp\/v2\/pages"}],"about":[{"href":"https:\/\/positif94.fr\/index.php\/wp-json\/wp\/v2\/types\/page"}],"author":[{"embeddable":true,"href":"https:\/\/positif94.fr\/index.php\/wp-json\/wp\/v2\/users\/1"}],"replies":[{"embeddable":true,"href":"https:\/\/positif94.fr\/index.php\/wp-json\/wp\/v2\/comments?post=65"}],"version-history":[{"count":10,"href":"https:\/\/positif94.fr\/index.php\/wp-json\/wp\/v2\/pages\/65\/revisions"}],"predecessor-version":[{"id":252,"href":"https:\/\/positif94.fr\/index.php\/wp-json\/wp\/v2\/pages\/65\/revisions\/252"}],"wp:attachment":[{"href":"https:\/\/positif94.fr\/index.php\/wp-json\/wp\/v2\/media?parent=65"}],"curies":[{"name":"wp","href":"https:\/\/api.w.org\/{rel}","templated":true}]}}